{"id":2099,"date":"2024-12-18T14:55:04","date_gmt":"2024-12-18T13:55:04","guid":{"rendered":"https:\/\/celine-perrin.fr\/?page_id=2099"},"modified":"2026-02-05T16:52:57","modified_gmt":"2026-02-05T15:52:57","slug":"tarif","status":"publish","type":"page","link":"https:\/\/celine-perrin.fr\/?page_id=2099","title":{"rendered":"Tarif et financement"},"content":{"rendered":"\t\t<div data-elementor-type=\"wp-page\" data-elementor-id=\"2099\" class=\"elementor elementor-2099\">\n\t\t\t\t<div class=\"elementor-element elementor-element-795a492 e-flex e-con-boxed e-con e-parent\" data-id=\"795a492\" data-element_type=\"container\" data-e-type=\"container\">\n\t\t\t\t\t<div class=\"e-con-inner\">\n\t\t\t\t<div class=\"elementor-element elementor-element-861930f elementor-widget elementor-widget-button\" data-id=\"861930f\" data-element_type=\"widget\" data-e-type=\"widget\" data-widget_type=\"button.default\">\n\t\t\t\t<div class=\"elementor-widget-container\">\n\t\t\t\t\t\t\t\t\t<div class=\"elementor-button-wrapper\">\n\t\t\t\t\t<a class=\"elementor-button elementor-button-link elementor-size-sm\" href=\"https:\/\/celine-perrin.fr\/?page_id=1206\">\n\t\t\t\t\t\t<span class=\"elementor-button-content-wrapper\">\n\t\t\t\t\t\t\t\t\t<span class=\"elementor-button-text\">Contact<\/span>\n\t\t\t\t\t<\/span>\n\t\t\t\t\t<\/a>\n\t\t\t\t<\/div>\n\t\t\t\t\t\t\t\t<\/div>\n\t\t\t\t<\/div>\n\t\t\t\t<div class=\"elementor-element elementor-element-33c121b elementor-widget elementor-widget-text-editor\" data-id=\"33c121b\" data-element_type=\"widget\" data-e-type=\"widget\" data-widget_type=\"text-editor.default\">\n\t\t\t\t<div class=\"elementor-widget-container\">\n\t\t\t\t\t\t\t\t\t<p>L&rsquo;ergoth\u00e9rapeute intervient sur <strong>prescription m\u00e9dicale<\/strong>.<\/p><p>Les s\u00e9ances d&rsquo;ergoth\u00e9rapie ont lieu uniquement <strong>sur rendez-vous<\/strong>.<\/p><p>Les s\u00e9ances se d\u00e9roulent au cabinet (Villereversure) ou sur le<strong> lieu de vie de la personne<\/strong> (domicile, \u00e9cole, cr\u00e8che).<\/p><p>Elles ne sont pas rembours\u00e9es par l\u2019assurance maladie, mais elles peuvent \u00eatre financ\u00e9es par certains organismes : la MDPH, certaines mutuelles, certaines caisses de retraite, la S\u00e9curit\u00e9 Sociale (dans le cadre de prestations extra-l\u00e9gale)&#8230;\u00a0<\/p><p>Pour les enfants et adolescents qui ont une reconnaissance de handicap aupr\u00e8s de la MDPH, une demande d\u2019Allocation d\u2019Education de l\u2019Enfant Handicap\u00e9 (AEEH) peut \u00eatre effectu\u00e9e. Elle sera vers\u00e9e par la Caisse d\u2019Allocation Familiale et pourra permettre le financement des s\u00e9ances d\u2019ergoth\u00e9rapie.<\/p><p>Pour les enfants de 0 \u00e0 12 ans et qui ont une suspicion de TND un financement par la PCO 01 peut \u00eatre r\u00e9alis\u00e9e. La PCO prend en charge le co\u00fbt du bilan et 35 s\u00e9ances d&rsquo;ergoth\u00e9rapie. Plus d&rsquo;info ici:\u00a0 <a href=\"https:\/\/www.lespep01.org\/structure\/pco\/\">https:\/\/www.lespep01.org\/structure\/pco\/<\/a><\/p><p>Hors PCO, les tarifs appliqu\u00e9s varient selon certains crit\u00e8res: le type d&rsquo;intervention (bilan, s\u00e9ance, VAD, r\u00e9union&#8230;), le lieu d&rsquo;intevention, la dur\u00e9e&#8230;\u00a0<\/p><p>Exemples de tarifs:<\/p><p><span style=\"text-decoration: underline;\"><strong>Evaluations<\/strong><\/span>:<\/p><ul><li>Bilan en p\u00e9diatrie (autonomie, \u00e9criture&#8230;) : 180 \u20ac<\/li><li>Profil sensoriel : 140 \u20ac<\/li><li>Bilan + profil sensoriel : 250 \u20ac<\/li><li>Bilan adulte (autonomie, pr\u00e9conisation mat\u00e9riel&#8230;) : 140 \u20ac<\/li><\/ul><p><span style=\"text-decoration: underline;\"><strong>S\u00e9ances<\/strong><\/span> :<\/p><ul><li>S\u00e9ance au cabinet (45 min-1h): 50 \u20ac<\/li><li>S\u00e9ance au domicile ou \u00e0 l&rsquo;\u00e9cole (jusqu&rsquo;\u00e0 30km) : 60 \u20ac<\/li><li>Participation \u00e0 une r\u00e9union (ESS, point enseignant) : de 30 \u00e0 50 \u20ac en fonction de la dur\u00e9e<\/li><li>Essai de mat\u00e9riel \u00e0 domicile : 60 \u20ac<\/li><\/ul><p>Pour toute autre demande, merci de me contacter pour la r\u00e9alisation d&rsquo;un devis.<\/p><div>\u00a0<\/div>\t\t\t\t\t\t\t\t<\/div>\n\t\t\t\t<\/div>\n\t\t\t\t\t<\/div>\n\t\t\t\t<\/div>\n\t\t\t\t<\/div>\n\t\t","protected":false},"excerpt":{"rendered":"<p>Contact L&rsquo;ergoth\u00e9rapeute intervient sur prescription m\u00e9dicale. Les s\u00e9ances d&rsquo;ergoth\u00e9rapie ont lieu uniquement sur rendez-vous. Les s\u00e9ances se d\u00e9roulent au cabinet (Villereversure) ou sur le lieu de vie de la personne (domicile, \u00e9cole, cr\u00e8che). Elles ne sont pas rembours\u00e9es par l\u2019assurance maladie, mais elles peuvent \u00eatre financ\u00e9es par certains organismes : la MDPH, certaines mutuelles, certaines [&hellip;]<\/p>\n","protected":false},"author":1,"featured_media":0,"parent":0,"menu_order":0,"comment_status":"closed","ping_status":"closed","template":"","meta":{"om_disable_all_campaigns":false,"_monsterinsights_skip_tracking":false,"_monsterinsights_sitenote_active":false,"_monsterinsights_sitenote_note":"","_monsterinsights_sitenote_category":0,"site-sidebar-layout":"no-sidebar","site-content-layout":"page-builder","ast-site-content-layout":"full-width-container","site-content-style":"default","site-sidebar-style":"default","ast-global-header-display":"","ast-banner-title-visibility":"","ast-main-header-display":"","ast-hfb-above-header-display":"","ast-hfb-below-header-display":"","ast-hfb-mobile-header-display":"","site-post-title":"","ast-breadcrumbs-content":"","ast-featured-img":"disabled","footer-sml-layout":"","ast-disable-related-posts":"","theme-transparent-header-meta":"","adv-header-id-meta":"","stick-header-meta":"","header-above-stick-meta":"","header-main-stick-meta":"","header-below-stick-meta":"","astra-migrate-meta-layouts":"set","ast-page-background-enabled":"default","ast-page-background-meta":{"desktop":{"background-color":"","background-image":"","background-repeat":"repeat","background-position":"center center","background-size":"auto","background-attachment":"scroll","background-type":"","background-media":"","overlay-type":"","overlay-color":"","overlay-opacity":"","overlay-gradient":""},"tablet":{"background-color":"","background-image":"","background-repeat":"repeat","background-position":"center center","background-size":"auto","background-attachment":"scroll","background-type":"","background-media":"","overlay-type":"","overlay-color":"","overlay-opacity":"","overlay-gradient":""},"mobile":{"background-color":"","background-image":"","background-repeat":"repeat","background-position":"center center","background-size":"auto","background-attachment":"scroll","background-type":"","background-media":"","overlay-type":"","overlay-color":"","overlay-opacity":"","overlay-gradient":""}},"ast-content-background-meta":{"desktop":{"background-color":"var(--ast-global-color-5)","background-image":"","background-repeat":"repeat","background-position":"center center","background-size":"auto","background-attachment":"scroll","background-type":"","background-media":"","overlay-type":"","overlay-color":"","overlay-opacity":"","overlay-gradient":""},"tablet":{"background-color":"var(--ast-global-color-5)","background-image":"","background-repeat":"repeat","background-position":"center center","background-size":"auto","background-attachment":"scroll","background-type":"","background-media":"","overlay-type":"","overlay-color":"","overlay-opacity":"","overlay-gradient":""},"mobile":{"background-color":"var(--ast-global-color-5)","background-image":"","background-repeat":"repeat","background-position":"center center","background-size":"auto","background-attachment":"scroll","background-type":"","background-media":"","overlay-type":"","overlay-color":"","overlay-opacity":"","overlay-gradient":""}},"footnotes":""},"class_list":["post-2099","page","type-page","status-publish","hentry"],"aioseo_notices":[],"_links":{"self":[{"href":"https:\/\/celine-perrin.fr\/index.php?rest_route=\/wp\/v2\/pages\/2099","targetHints":{"allow":["GET"]}}],"collection":[{"href":"https:\/\/celine-perrin.fr\/index.php?rest_route=\/wp\/v2\/pages"}],"about":[{"href":"https:\/\/celine-perrin.fr\/index.php?rest_route=\/wp\/v2\/types\/page"}],"author":[{"embeddable":true,"href":"https:\/\/celine-perrin.fr\/index.php?rest_route=\/wp\/v2\/users\/1"}],"replies":[{"embeddable":true,"href":"https:\/\/celine-perrin.fr\/index.php?rest_route=%2Fwp%2Fv2%2Fcomments&post=2099"}],"version-history":[{"count":32,"href":"https:\/\/celine-perrin.fr\/index.php?rest_route=\/wp\/v2\/pages\/2099\/revisions"}],"predecessor-version":[{"id":2381,"href":"https:\/\/celine-perrin.fr\/index.php?rest_route=\/wp\/v2\/pages\/2099\/revisions\/2381"}],"wp:attachment":[{"href":"https:\/\/celine-perrin.fr\/index.php?rest_route=%2Fwp%2Fv2%2Fmedia&parent=2099"}],"curies":[{"name":"wp","href":"https:\/\/api.w.org\/{rel}","templated":true}]}}